
Suppose -3*c + 373 = 5*n, 3*c - 7*c = -5*n + 366. Suppose 5*m + 24 = n. What is the units digit of m?
0
Suppose -3*q + 6*p = p + 14, -2*p = -2. Let x(k) = -9*k. What is the tens digit of x(q)?
2
Let n(m) = 1 - 7*m + 2*m + 4 - 3. What is the tens digit of n(-2)?
1
Suppose 0 = 2*b - 0*b + 6. Let f = b + 5. What is the units digit of f?
2
Suppose 51*r + 895 = 56*r. What is the units digit of r?
9
Let q(z) = 2*z**2 - 6*z + 1. What is the units digit of q(4)?
9
Let x = 9 - -24. What is the units digit of x?
3
Suppose -3*u - 16 + 142 = 0. What is the units digit of u?
2
Suppose -c + 1 = 0, 2*c = 5*a + 7*c - 70. What is the units digit of a?
3
Let u be 5 - (-2 - 0)*-1. Let o = u - 1. Suppose 3*c = -o*r - 5, 0*r - 5 = r + 2*c. What is the units digit of r?
5
Let b(d) be the third derivative of d**5/60 + 5*d**4/24 - 5*d**3/6 - 4*d**2. Let j be b(-5). Let u = -1 - j. What is the units digit of u?
4
Suppose -9 = -c - 2*c. Suppose -2*t = -4*t. Suppose -a + c*u = 3*a - 49, -4*u + 4 = t. What is the tens digit of a?
1
Suppose 3*o - 18 = 3*i, 2*i + i = -12. Let m = o - 6. What is the units digit of -1 - (-1)/((-2)/m)?
1
What is the units digit of ((-1780)/(-50))/(0 - (-1)/5)?
8
Let y = 33 + -21. What is the units digit of y?
2
Suppose 67 = 2*f - g, 0*f - 3*g + 47 = 2*f. What is the tens digit of f?
3
Let m = 154 - 250. Let p be 4/(-10) - m/15. Let h(l) = l**2 - 6*l + 1. What is the units digit of h(p)?
1
Let i = 3 + -4. Let p = i - -4. Let t = p + -1. What is the units digit of t?
2
Let i(n) = n - 8. Let l(t) = -t**2 - 9*t - 9. Let k be -15*((-12)/(-5) - 2). Let f be l(k). What is the units digit of i(f)?
1
Suppose -5*z + z = -92. Let b = 39 - z. What is the units digit of b?
6
Let k be 32/14 + (-2)/7. Suppose 2*p - k*t = 24, 2*p - 3 = -t + 6. What is the units digit of p?
7
Let f be ((-6)/2 + -2)/(-1). Suppose t - f - 7 = 0. Suppose 39 - 10 = 5*w + 3*r, 4*r = t. What is the units digit of w?
4
Let y be 2/(-2)*-31 - 1. Let m = y - 20. What is the units digit of m?
0
Let c(p) = 0 - 8*p - 7 + 1 + 0*p. What is the tens digit of c(-4)?
2
Suppose -67 - 11 = -2*r. What is the units digit of r?
9
Let s(b) = -37*b + 1. What is the tens digit of s(-1)?
3
Suppose -p - 3*t - 2 = 2*t, -5*p = -2*t - 17. What is the units digit of p?
3
Let n = 46 + -30. What is the tens digit of n?
1
Suppose 3*n = -2*n + 15. Suppose 0 = -4*a + 5 + n. Suppose -6*g = -a*g - 8. What is the units digit of g?
2
Suppose 4 - 12 = -4*s. Suppose 2 - 52 = -s*q. What is the tens digit of q?
2
Let s be ((-3)/(-9)*0)/(-2). Suppose -3*t + 4*q = 14, -4*t + 2*q = -s*t + 12. What is the units digit of (12 + 0)/((-3)/t)?
8
Let o be 1/(1 + -2) - -43. Suppose 4*v - o = 2. Suppose 0 = -b + v + 1. What is the units digit of b?
2
Let b = -11 + 25. Let x = 22 - b. What is the units digit of x?
8
What is the units digit of ((-33)/6)/(2/(-12))?
3
Suppose r = -5*q + 12, 3*r - r = -q + 6. Suppose -9 = 4*b - 29. Let l = q + b. What is the units digit of l?
7
Suppose 0 = -2*v + 2*w + 18, 0 = 2*v + 5*w - 3 + 20. Suppose q + v*q = 10. What is the units digit of q?
2
Let o be -1 - (-4 - -1) - -1. What is the units digit of 2/o + 91/21?
5
What is the units digit of ((-12)/10)/((-15)/100)?
8
What is the units digit of 1 - 2/(2/(-11))?
2
Let w be (-3)/6 + (-2)/(-4). Suppose -7*y + 2*y + 230 = w. Suppose -b = 4*f - 5, 0*b + 4*f = 2*b - y. What is the units digit of b?
7
Let q(o) = -4*o**3 - 4*o**2 - 3*o - 2. Let n be q(-4). Suppose u - p - n = -3*u, -4*p + 92 = 2*u. What is the units digit of u?
0
Let w(n) = -15*n - 1. Let g(x) = -x**2 + 2*x - 2. Let r be g(2). What is the units digit of w(r)?
9
Let i be 18/8 - 4/16. What is the units digit of -2 + i - 2 - -11?
9
Let r(w) = -w**2 + 19*w + 7. Let v(m) = -10 + 2*m - 16*m + 4*m**2 - 15*m - 2*m**2. Let t(o) = 8*r(o) + 5*v(o). What is the units digit of t(-4)?
0
Let r = -18 + 72. What is the units digit of r?
4
Let j(p) = 3*p - 6. Let l be j(5). Suppose -l*a + 132 = -5*a. What is the tens digit of a?
3
Let r(k) = k. Suppose 3*l + 3*s + 24 = 0, 3*l + 2*l = 2*s - 47. Let n be r(l). Let y = n + 15. What is the units digit of y?
6
Let l(d) = -5*d - 21. Let t be l(-6). Let n(q) = q**2 - 6*q - 12. What is the units digit of n(t)?
5
Suppose 6 = -3*a + 2*a. Let n(z) = z**2 + 3*z + 2. What is the tens digit of n(a)?
2
Suppose 5*u = -5, 2*u = 3*z - 35 - 27. What is the units digit of z?
0
Let z(s) be the first derivative of -3*s**2/2 - 11*s - 1. What is the units digit of z(-8)?
3
Suppose -3*l = 4*p - 81, -3*p - 3*l + 62 = -l. Suppose 2*q = -2*w + p, 0*q = -q + 5*w - 18. What is the units digit of q?
7
Let u be -2*(1 + 1 + -3). Suppose -2*c = 5*f - 127, u*f + 2*c + 35 = 3*f. What is the tens digit of f?
2
Let q be (-2)/9 - 34/9. Let z(s) = 5 + s**3 + 3*s**2 + 2*s**2 - 4. What is the units digit of z(q)?
7
Let h be 57/(-18) - (-2)/12. Let t(j) = j**3 + 4*j**2 + 2*j + 2. Let n be t(h). Suppose 2*f = n*f - 15. What is the units digit of f?
5
Let w(t) = -t**2 - 13*t + 10. Let k be w(-13). What is the units digit of ((-3)/(-5))/(1/k)?
6
Let i(o) = -5*o**3 + o. Let p be (-1)/(0/3 + 1). Let m be i(p). Suppose -y + m = 2*w - 10, 2*w = 8. What is the units digit of y?
6
What is the units digit of (2 + (1 - (-14)/4))*20?
0
Suppose 0 = 5*r + 3*u - 15, 4*r + r + 2*u - 15 = 0. Suppose -r*q = 5*g + 2*q, -3*g = 4*q. What is the units digit of 0 + -1 - (g - 6)?
5
Suppose 4*x = l - 31, 0 = -0*x + 5*x + 10. What is the units digit of l?
3
Let m be -3 + 14/(4/2). Suppose -m*f + 3 + 2 = 5*t, 22 = t + 5*f. What is the tens digit of 90/5*(-2)/t?
1
Suppose -12 - 27 = -3*f. Suppose 0 = 3*g - 37 + f. Let l = g - 2. What is the units digit of l?
6
What is the units digit of 1 + (-224)/(-6) + (-8)/24?
8
Let l(p) = -4*p - 4. Let y be l(3). Let v = y - -20. What is the units digit of v?
4
Suppose w = -13 + 14. Let t(m) be the second derivative of 5*m**3/2 + m. What is the tens digit of t(w)?
1
Suppose -3*u + 22 = -7*u + 3*n, 2*u + 3*n = -20. Let h = u - -10. What is the units digit of h?
3
Suppose 8 = 3*s - 2*n, 4*s + 5 = 2*n + 17. Let o be (-4)/s + (0 - 0). What is the units digit of (-27)/(-15)*(4 - o)?
9
Let t be ((-27)/12)/(2/(-48)). What is the units digit of 228/t - (-4)/(-18)?
4
Let w = 8 - 6. Suppose 0 = -w*x + x. What is the units digit of (-3)/9*x + 10?
0
Suppose 12*l = 13*l + 23. Let q = 112 + -74. Let b = q + l. What is the units digit of b?
5
Let k be (-2)/4*12/(-1). Let p(s) = -s + 11. Let y be p(k). Suppose 10 - 31 = -5*d + 4*z, 0 = -3*d - 2*z - y. What is the units digit of d?
1
Let t be ((-21)/(-28))/((-1)/(-8)). Suppose m = -m + t. What is the units digit of m?
3
Let r(w) = w**2 - 6*w - 3. Let a be r(6). What is the tens digit of 19 - 3*(a + 2)?
2
Let d = 0 + 3. Suppose -5*u + 10*u - 3*f = 15, -d*u + 9 = -f. What is the units digit of u?
3
Suppose x - 3*v + 13 = -2, 5*v - 25 = -3*x. Suppose x*h - 12 = -4*h. What is the units digit of h?
3
Suppose -s + 2*s - 4*k - 40 = 0, -153 = -3*s + k. Let c = s + -23. What is the tens digit of c?
2
Let d(j) = -2*j**2 - 4*j - 2. Let i be d(-2). Let c be 0*1/i + 60. Suppose 2*z = 6*z - c. What is the units digit of z?
5
What is the tens digit of (3 + 0)/(-1)*-17?
5
Suppose 4*x - 72 + 7 = -5*a, -45 = -2*x - 5*a. Let w be -2*(1 + 2*-1). Let p = x - w. What is the units digit of p?
8
Let z be 40/(-15) + (-2)/6. Let d be (-2 - z) + -2 - 5. What is the tens digit of (0 + 3)*(-26)/d?
1
Suppose 5*s - 15 = 15. Let a = 9 - s. Suppose 0 = -a*f + 5*d + 46 + 6, -3*f + 7 = 4*d. What is the units digit of f?
9
Let p(d) = d**2 - 3*d + 2. Let c be p(4). Suppose 0 = m - 0*f + f, c = 5*m + 3*f. What is the units digit of m?
3
Let s(j) = -3*j + 7. What is the units digit of s(-13)?
6
Suppose -n + 87 = -5*u, 3*u - 246 = -5*n + 245. What is the units digit of n?
7
What is the units digit of (-1)/(-7) - (-605)/77?
8
Let k = 169 + -88. What is the tens digit of k?
8
Let k = 25 + 135. What is the hundreds digit of k?
1
Suppose a - 5*a = 0. Suppose 0 = 3*r + 5*l - a + 7, -8 = -4*r + 2*l. What is the units digit of r?
1
Let l be -2 + (-4)/(12/(-15)). Suppose 0 = -l*b - 5*z + 17 + 19, 3*z = 5*b - 60. What is the units digit of b?
2
Let u(i) = 3*i**3 - 11*i**2 - 2*i + 5. What is the tens digit of u(5)?
9
Let g(d) = d**3 - 6*d**2 + 6*d. Let l be g(5). Let n = l + -2. Suppose 0 = -n*b - 4 